isor of 27 and 443106.
9
What is the highest common factor of 396 and 45804?
132
Calculate the greatest common divisor of 554660 and 30.
10
What is the greatest common divisor of 87823 and 217?
31
What is the highest common divisor of 37627 and 16426?
191
What is the highest common factor of 175260 and 115?
115
Calculate the greatest common divisor of 506 and 52877.
253
Calculate the greatest common factor of 369402 and 7656.
1914
Calculate the highest common divisor of 111507 and 99.
33
What is the highest common divisor of 180 and 969860?
20
Calculate the highest common divisor of 105 and 1697682.
21
What is the greatest common factor of 6203776 and 640?
128
Calculate the highest common factor of 12784 and 816.
272
Calculate the greatest common divisor of 40810 and 1034.
22
Calculate the greatest common factor of 7498 and 184.
46
What is the highest common divisor of 396488 and 8?
8
Calculate the highest common divisor of 61 and 138287.
61
Calculate the highest common divisor of 387 and 9643653.
387
Calculate the highest common divisor of 106 and 4655308.
106
Calculate the highest common factor of 6056795 and 145.
145
What is the greatest common divisor of 546 and 1038?
6
What is the greatest common divisor of 2142 and 54450?
18
Calculate the highest common factor of 17 and 60503.
17
Calculate the greatest common divisor of 145386 and 4428.
738
What is the highest common divisor of 7293 and 8?
1
Calculate the greatest common divisor of 6465 and 1420145.
2155
Calculate the highest common factor of 260917 and 113.
113
Calculate the greatest common factor of 54 and 129222.
54
Calculate the highest common divisor of 162 and 10435338.
54
Calculate the greatest common divisor of 138206 and 8.
2
What is the greatest common factor of 3136 and 1048?
8
Calculate the greatest common factor of 455472 and 1440.
144
What is the highest common factor of 7860 and 4260?
60
Calculate the greatest common factor of 25 and 3736550.
25
Calculate the greatest common divisor of 15 and 269769.
3
Calculate the greatest common factor of 1551 and 803.
11
Calculate the highest common factor of 34991 and 22.
11
Calculate the highest common divisor of 192 and 6836736.
192
Calculate the highest common factor of 10207 and 17523.
59
Calculate the highest common factor of 3515 and 1795462.
703
What is the highest common factor of 1500 and 1618?
2
Calculate the greatest common factor of 96 and 2142576.
48
What is the highest common divisor of 45305 and 255?
85
Calculate the highest common factor of 1 and 24690.
1
What is the greatest common divisor of 658175 and 105?
35
What is the highest common divisor of 548 and 794600?
548
Calculate the greatest common divisor of 461097 and 441.
63
Calculate the highest common divisor of 26 and 66326.
26
What is the highest common divisor of 8471 and 3152?
197
Calculate the highest common divisor of 2650 and 5540.
10
Calculate the highest common factor of 2722889 and 91.
13
Calculate the greatest common divisor of 49880 and 638.
58
Calculate the greatest common divisor of 123157 and 87476.
1151
Calculate the highest common divisor of 16 and 68584.
8
What is the highest common divisor of 2093 and 1183?
91
What is the highest common divisor of 54 and 20850?
6
Calculate the greatest common factor of 63824 and 272.
16
Calculate the greatest common factor of 2259 and 1152.
9
What is the highest common divisor of 580 and 13480?
20
What is the greatest common factor of 770 and 3756060?
770
What is the greatest common divisor of 143 and 5954?
13
Calculate the greatest common factor of 608 and 8436.
76
What is the highest common factor of 32823 and 1764?
63
Calculate the highest common divisor of 119369 and 2370.
79
Calculate the greatest common divisor of 21730 and 25.
5
What is the greatest common factor of 1831 and 49?
1
Calculate the greatest common factor of 391698 and 846.
846
Calculate the highest common factor of 18814 and 2668.
46
Calculate the highest common divisor of 1192209 and 1194.
597
Calculate the highest common factor of 189 and 657261.
27
What is the highest common divisor of 13536 and 9?
9
What is the highest common factor of 530 and 370?
10
What is the highest common factor of 25956 and 378?
126
Calculate the highest common factor of 2366 and 50050.
182
What is the greatest common factor of 21 and 12933690?
21
Calculate the highest common divisor of 747424 and 32.
32
Calculate the highest common divisor of 1256 and 40.
8
Calculate the greatest common factor of 132600 and 19975.
425
Calculate the greatest common factor of 38 and 498142.
38
Calculate the highest common divisor of 6327 and 6597.
9
Calculate the greatest common factor of 47190 and 11.
11
What is the greatest common factor of 2354 and 33088?
22
What is the highest common factor of 340 and 1530?
170
What is the highest common factor of 6303 and 396?
33
What is the greatest common divisor of 14 and 3063326?
14
What is the greatest common factor of 9 and 1196901?
9
Calculate the greatest common divisor of 217479 and 3.
3
What is the greatest common divisor of 296989 and 418?
209
What is the highest common divisor of 58 and 41122?
58
What is the greatest common divisor of 11508 and 2250636?
1644
What is the highest common factor of 974589 and 1155?
231
Calculate the highest common divisor of 399 and 1330209.
57
Calculate the highest common factor of 189522 and 108.
18
Calculate the highest common factor of 454 and 9108602.
454
What is the highest common factor of 19367 and 724?
181
What is the highest common factor of 27225 and 390951?
1089
What is the highest common factor of 65116 and 292?
292
Calculate the greatest common factor of 63099 and 246.
123
Calculate the greatest common divisor of 34 and 24905.
17
What is the greatest common factor of 106168 and 2885?
577
What is the greatest common factor of 10480 and 6416?
16
What is the highest common factor of 2340 and 19760?
260
Calculate the highest common divisor of 178376 and 66.
22
Calculate the greatest common factor of 79 and 158.
79
Calculate the highest common divisor of 4285 and 1805.
5
What is the highest common divisor of 6095550 and 150?
150
Calculate the highest common factor of 2563 and 99.
11
What is the highest common divisor of 156 and 39455?
13
Calculate the highest common factor of 1207271 and 13.
13
Calculate the highest common divisor of 190722 and 5320.
266
What is the greatest common divisor of 121414 and 34?
34
What is the highest common divisor of 12369 and 1463?
133
What is the highest common factor of 58 and 3582486?
58
What is the greatest common divisor of 76 and 4822922?
38
What is the highest common divisor of 22 and 219483?
11
Calculate the highest common divisor of 258 and 265826.
86
What is the greatest common divisor of 7448 and 588?
196
Calculate the greatest common factor of 16944 and 8304.
48
What is the greatest common divisor of 787194 and 5454?
1818
What is the greatest common divisor of 6600 and 8448?
264
What is the greatest common divisor of 8 and 16500?
4
What is the greatest common factor of 231 and 22071?
21
What is the highest common divisor of 1857 and 107087?
619
What is the highest common divisor of 30967 and 67662?
179
What is the greatest common divisor of 18834 and 1898?
146
What is the highest common factor of 1700 and 3050?
50
What is the highest common factor of 7268 and 10112?
316
What is the greatest common divisor of 7419446 and 2278?
2278
Calculate the highest common divisor of 13213 and 146.
73
Calculate the highest common factor of 1459 and 5621527.
1459
What is the greatest common factor of 159192 and 216?
216
Calculate the greatest common divisor of 18 and 5504034.
6
Calculate the greatest common divisor of 126697 and 2745.
61
What is the highest common divisor of 2641200 and 48?
48
What is the highest common factor of 2356 and 5293343?
589
What is the greatest common factor of 141 and 23022?
3
What is the greatest common divisor of 42 and 131019?
21
What is the highest common factor of 127594 and 524?
262
Calculate the greatest common divisor of 8 and 181612.
4
What is the highest common factor of 98 and 192717?
49
Calculate the greatest common factor of 946 and 517.
11
Calculate the greatest common divisor of 524 and 648581.
131
What is the greates